 Let m = -37 + u. Is (-494)/m*((2 - 9) + 3) a prime number?
False
Suppose 74*s + 546 = 48*s. Is (-7)/(-3)*3*(s + 3482) a prime number?
False
Let x = 71087 - 6688. Is x composite?
False
Suppose -4*p + 22056 = 4*g, 6394 - 900 = p - 4*g. Let f = p - 2665. Is f a composite number?
True
Let h = -1614927 - -2550740. Is h a prime number?
True
Suppose -3*t = o + 16, 3*o + 3*t = -24 + 6. Is 9258/9*((-1)/(-2) - o) a prime number?
True
Let l = 900842 + -481833. Is l a prime number?
False
Let o = -27271 - -50720. Is o prime?
False
Suppose -104*j + 8850334 = -25795290. Is j prime?
True
Suppose -5*y + 4*h = -186049 - 19542, -5*y = 5*h - 205600. Is y a composite number?
True
Suppose 2*q - w = 662 + 280302, -280952 = -2*q - w. Is q composite?
True
Let i = 1 - -9. Suppose -199*s - 72864 = -271*s. Suppose -i*a + 5*a = -p - 1016, 5*a = -3*p + s. Is a a prime number?
False
Let q = -738 + 782. Suppose -10*v = -q*v + 340238. Is v a composite number?
False
Suppose 4*s - 2*u - 8 = 0, -5*s + 4*u = -u. Suppose 0 = -h - s + 6. Suppose -x = -3*o + 6*o - 95, 5*o - 187 = -h*x. Is x prime?
False
Let t be (2 - 0)*(-7)/(-2). Suppose -4*q - 36 = -56. Suppose -q*j - 70 = -t*j. Is j a composite number?
True
Let n(t) = 4019*t - 4052. Is n(59) a composite number?
False
Let f = -14909 + 28966. Is f prime?
True
Let f = -2465 - -597. Let d = f + 16731. Is d prime?
False
Suppose 44*c - 11061297 = -73*c. Is c composite?
False
Is (26 - 2)*51476 - (-100 + 101) a prime number?
False
Suppose 0 = k - 2*z - 146349, -4*k = 24*z - 21*z - 585451. Is k a prime number?
True
Suppose 4*o = 5*z + 11, -5*o - 3*z + 32 - 9 = 0. Suppose o*x = -x + 3215. Suppose -x - 1873 = -4*d. Is d composite?
True
Suppose -3*l + 95 = 5*i, -4*i + 0*i + 54 = -2*l. Let f be ((-8)/i)/((-2)/(-988)). Let h = -36 - f. Is h a composite number?
False
Is -4 - (-27101 + (-24)/(-2)) composite?
True
Let c(x) = -x**3 - 23*x**2 - 23*x + 76. Is c(-29) a prime number?
False
Let v(p) = 39 + 78*p + 2070*p + 1170*p + 271*p. Is v(2) composite?
True
Let i be -447*((-35)/(-7) - 3). Is i/8*100/(-15) a composite number?
True
Suppose 11*n = 12*n, 5745 = 5*q - 4*n. Suppose 1141 = 3*z - 2*z - 5*u, z = u + q. Is z a prime number?
True
Suppose 0 = 33*s - 3*s. Suppose 36910 = -s*h + 10*h. Is h composite?
False
Let x = -2699 + 5318. Suppose -2*b + 0*b = -3*z - 21, -2*z = 6. Suppose x - 177 = b*p. Is p a prime number?
False
Let m be (-1)/(2/48)*(-30)/(-40). Let t(w) = -36*w + 53. Is t(m) a composite number?
False
Let m(r) = 9*r**2 + 21*r + 9. Let x be m(-4). Is 132/8*55982/x a composite number?
True
Suppose 0 = -2*g - 37 + 47. Suppose 2*q + 0*j + g*j + 458 = 0, 259 = -q + 5*j. Let v = q + 360. Is v prime?
False
Let r(u) = -2 - 12*u - u**2 - 294*u**3 + 8*u + u. Let i be r(-1). Suppose -i = 19*o - 25*o. Is o a prime number?
False
Let q(d) = -d**3 + 5*d**2 + 3*d - 4. Let k be q(5). Let g(s) be the first derivative of 14*s**2 - 10*s - 1787. Is g(k) a prime number?
False
Let b(z) = 2*z - 10. Let j be b(8). Let n(u) = 56*u**2 - 12*u + 5. Is n(j) a prime number?
True
Let c(t) = -777*t - 52. Let q(f) = 1560*f + 104. Let s(j) = -5*c(j) - 3*q(j). Is s(-3) a prime number?
True
Suppose -117*r + 8995868 - 1298555 = 0. Is r composite?
False
Suppose -8*s = -10*s + 6. Suppose -s*w + 41 = -5*d, 4*d - 5 = -5*w - 60. Let x(a) = a**2 + 5*a + 7. Is x(d) a composite number?
True
Let b = 8472 - 7859. Is b a prime number?
True
Let g(a) = -1527*a - 788. Is g(-21) composite?
True
Let i = 402 - -597. Let l = 199 - 195. Suppose l*h = 349 + i. Is h composite?
False
Let y(m) = -m + 91. Let h be y(0). Let r = 91 - h. Is 1115/3 + 6/(-9) + r composite?
True
Let t be -3*(-6)/9 + -3201. Let d = -2122 - t. Is d composite?
True
Let f = 8542 - 1454. Suppose 6*i = f - 26174. Let b = 4752 + i. Is b a composite number?
False
Suppose 10*l - 25 = 5*l. Suppose 0 = -l*n + 6*n - 2789. Is n a prime number?
True
Let i(k) = 18608*k**3 - 9*k**2 + 43*k - 187. Is i(5) a prime number?
True
Suppose 111*y - 12100 = 100*y. Let g = 2923 - y. Is g a prime number?
True
Let l = -5298 + 9809. Is l composite?
True
Is (16 + (-832234 - -14))/(-4) prime?
False
Suppose 5*r - 886 - 2084 = 0. Suppose 0 = -4*v - 3982 + r. Let o = v - -1328. Is o composite?
True
Let r(h) = -31*h**3 + 34*h**2 + 42*h - 145. Is r(-26) a composite number?
True
Suppose 3*w + x = 510120, 5*x = w - 151489 - 18535. Is w a prime number?
False
Let x = -203317 - -342678. Is x a prime number?
True
Let u(m) = 43*m**2 - 5*m + 1. Let y be u(-12). Let f = y + -3476. Is f a prime number?
True
Let d(f) = -f**2 + 19*f - 30. Let w be d(15). Is 4/w*3 + 995515/25 composite?
False
Let a be 122 + -121 + (6780 - -1). Let b = 1745 + a. Is b a composite number?
False
Is (-20 - (-40 + 19))*(-10414)/(-2) a prime number?
False
Let g(s) = -6*s**2 - 3. Let i be g(2). Let r = 1150 - i. Is r prime?
False
Suppose -c = 5*l - 4, -2*c - 4*l + 1 = 5. Let x be (-6)/9 - 5770/c. Suppose -f + x = 338. Is f prime?
False
Suppose 0 = 8*t - 3*t - 1905. Let w(i) = i**3 - 36*i**2 - 37*i + 2. Let r be w(37). Suppose -t - 577 = -r*f. Is f composite?
False
Suppose -29*w = -2248499 - 4752385 + 1305835. Is w a composite number?
True
Suppose -117*m - 12 = -119*m. Is 4/m*8/((-16)/(-2382)) a composite number?
True
Let h = 49801 - -631590. Is h a composite number?
True
Suppose -90078 = -0*n + 2*n. Is ((-2)/(-3))/((-2)/n) prime?
True
Let l = -14140 - -22601. Is l prime?
True
Suppose 1141*m - 778913 - 437074 = 1118*m. Is m composite?
True
Let h = 30539 + 10620. Is h composite?
True
Let k be 5/((-27)/4 + 8). Suppose 6 = 2*q, -q = -k*n + 1885 + 9348. Is n a prime number?
False
Suppose -58*t = -2*y - 55*t + 21, 0 = 5*y - 4*t - 49. Suppose -196 = -2*l + 3*n, -3*n + 116 = l - 0*l. Suppose l = -y*u + 8591. Is u a composite number?
True
Let b be ((-17)/(-425)*-85)/((-2)/24370). Suppose 0 = -3*j - 2*y + b, 0 = -5*j - y + 40560 + 28493. Is j prime?
False
Suppose 2*s = 57 - 9. Suppose 0 = -s*l + 19*l + 35. Let c(z) = 111*z - 32. Is c(l) a prime number?
False
Let r be (-3)/(-15) - (-27081)/45. Let j = 1645 - r. Is j a prime number?
False
Let z = -18985 + 373804. Is z prime?
False
Let v be (-456)/(-171) + 2/6*-2. Suppose -9 = -3*k, -3*o - v*o - 2*k + 170141 = 0. Is o composite?
True
Let z(s) = 18293*s**2 + 149*s - 1. Is z(6) composite?
True
Let f(g) = -11*g + 10*g + 25*g**3 - 39 - 24*g**3 - 8*g**2. Is f(14) a composite number?
False
Is ((-6724352)/(-6))/4 - (2 + (-22)/6) composite?
False
Let s(f) = -1098*f**2 - 103*f - 244. Let p(g) = -366*g**2 - 35*g - 82. Let v(y) = 17*p(y) - 6*s(y). Is v(-3) prime?
False
Let p be (-1)/(231/39 - 1 - 5). Suppose 0 = -2*t - 16*r + p*r + 2308, 4*r + 5793 = 5*t. Is t a prime number?
False
Let o = -3 - -857. Let c = o + -290. Suppose 15*z = 11*z + c. Is z a prime number?
False
Suppose 5*r - 166540 = -5*p, -p - 4*r = -29772 - 3518. Is p a prime number?
False
Suppose -19386 = 4*s - 3*b - 205072, 0 = 4*s + 4*b - 185700. Suppose -s = -21*a + 8*a. Is a a composite number?
False
Suppose -2266*b + 35914 = -2265*b. Let l = -17759 + b. Is l a prime number?
False
Let i(a) be the third derivative of a**5/30 + a**4/3 + 77*a**3/6 + 60*a**2. Is i(11) a composite number?
True
Let y(o) = o**3 - o**2 - 4*o + 3. Let g be y(2). Let m be (g + 2)/(((-1)/(-3))/1). Suppose -1745 + 10552 = 5*h + 4*k, 5274 = m*h - k. Is h prime?
True
Let c(u) = -22*u**3 + 13*u**2 - 153*u - 1625. Is c(-15) composite?
True
Let x = -494 - -486. Let g(w) = -856*w - 47. Is g(x) a prime number?
False
Suppose -5*p = 4*g - 66165, 28660 + 11007 = 3*p - 4*g. Let b = -9146 + p. Is b composite?
True
Let q(k) = 1094*k + 90989. Is q(0) composite?
False
Suppose 74 = 8*m + 50. Suppose -4*w + 42280 = 3*n + n, m*n - 31685 = 2*w. Is n prime?
False
Suppose -o - 5*x - 29 = -0*o, 5*o = 3*x - 5. Let z be (3 - 7)/o*(-1 - 2). Let b(d) = -24*d**3 + 2*d**2 - 3*d - 6. Is b(z) a prime number?
False
Let y(l) = 10*l**2 + 6*l - 6. Let c be y(1). Suppose c*u - 9050 + 1080 = 0. Is u prime?
True
Suppose 0 = -8*v + 6*v - 37*n + 3047229, n = -2*v + 3047265. Is v a composite number?
False
Let a(h) be the third derivative of 0*h + 15*h**2 + 55/24*h**4 + 0 + 41/6*h**3 + 1/10*h**5. Is a(-22) a prime number?
False
Suppose 0 = 54*n - 123*n + 479343. Is n a composite number?
False
Let k(h) be the second derivative of 1/6*h**3 - 2/3*h**4 + 3/2*h**2 + 0 + 1